 n - 19 = 6. What are the prime factors of n?
5
Let k(v) = -v - 8. Let n be k(0). Let x = n - -23. Suppose 50 = 5*t - x. What are the prime factors of t?
13
Let y = -3 + 0. What are the prime factors of (-21)/14*58/y?
29
Suppose -3*d + 4 + 2 = 0. Suppose 0*s + 30 = 5*w + d*s, 3*w = 2*s + 2. List the prime factors of w.
2
Let f be 2*1 + (8 - 9). Let a(l) = 14*l**3 - l. What are the prime factors of a(f)?
13
Suppose -4*h = i - 0*i + 17, 4*h - 5*i + 11 = 0. Let w = h - -6. Suppose w*f - 13 - 17 = 0. What are the prime factors of f?
3, 5
Let s(t) = t**3 + 6*t**2 - 8*t - 4. Let a be s(-7). List the prime factors of (0 - (a + -4))*17.
17
Let y = 20 + -13. Let r = 9 + y. What are the prime factors of r?
2
What are the prime factors of 3/(-12) + (-154)/(-8)?
19
Suppose 0 = -3*o + 19 + 2. What are the prime factors of o?
7
Let x(j) = j**3 - 3*j**2 - 6*j + 6. Let l be x(4). Let t = l + 7. What are the prime factors of 10/(-25) + 62/t?
2, 3
Suppose -15*q + 1650 = -4*q. What are the prime factors of q?
2, 3, 5
Let j = -72 - -88. What are the prime factors of j?
2
Let d(i) = 3*i - 3. Let o be d(2). Suppose -y = -0*y + o. Let a = y - -6. List the prime factors of a.
3
Suppose 0 = 4*d, 2*k = -d + 17 + 29. List the prime factors of k.
23
Let z(h) = h**3 - 5 - 9*h**2 - 2 + 14*h - 4*h. Let c be z(8). List the prime factors of (0 + -1*c)*-1.
3
Suppose b - 144 = -2*b. Suppose f - 2*z - b = 0, -3*f + 2*z = -z - 144. Suppose f = 4*s - w, 0*w + w - 7 = -s. List the prime factors of s.
11
Let q(c) = -c - 1. Let y be q(-1). Suppose -d + 2 + 12 = y. List the prime factors of d.
2, 7
Let s = -26 - -53. List the prime factors of s.
3
Let k = -116 - -212. List the prime factors of k.
2, 3
Suppose 0 = 4*r - 211 - 69. List the prime factors of r.
2, 5, 7
Suppose -3*j + j = 4, -2*f - 3*j + 72 = 0. List the prime factors of f.
3, 13
Suppose -4 + 34 = v - 4*x, 0 = -4*v - x + 103. List the prime factors of v.
2, 13
Suppose 0 = 2*u + 2*h - 10, 3*h = -14 - 1. Let f = 14 - u. List the prime factors of f - -1*-1*2.
2
Suppose -4*v + 4*n = 108, 5*v + 2*n + 61 = 2*v. Let j = v + 45. List the prime factors of j.
2, 11
Let l(j) = 2*j**2 - 6*j - 7. What are the prime factors of l(7)?
7
Suppose 6*l = 4*l - 52. Let q = 4 - l. What are the prime factors of ((-2)/(-4))/(3/q)?
5
Let f be -46*(4/8)/(-1). List the prime factors of f/3 - (-4)/(-6).
7
Let m = -5 - -29. Suppose -99 - m = -3*n. What are the prime factors of n?
41
Let v be 3/3 - 5 - 2. List the prime factors of v/2*(-5 + -1).
2, 3
Suppose 0 = 4*y + 41 + 47. Let r = -11 - y. List the prime factors of r.
11
Let u be ((-4)/10)/((-1)/220). Let z = -61 + u. What are the prime factors of z?
3
Let g(o) = -5*o + 5. Let c(i) = -10*i + 10. Let u(m) = 6*c(m) - 11*g(m). Let h be u(-5). Suppose 4*f - f = h. What are the prime factors of f?
2, 5
List the prime factors of 2 - ((-3 - -1) + -35).
3, 13
Let r(c) = c**3 + 2*c**2 + 1. Let f be r(-3). Let j = 11 + f. What are the prime factors of j?
3
List the prime factors of (396/(-16))/((-6)/16).
2, 3, 11
Let m(b) = 2*b**2 + 6*b - 13. What are the prime factors of m(8)?
163
Let n = 90 - -135. What are the prime factors of n?
3, 5
Let r = 1 + 0. List the prime factors of (17 - 0) + (r - 2).
2
Let w = -5 + 7. Let s(x) = -x**w - 8*x**2 - x**3 - 6 + 0*x - 10*x. List the prime factors of s(-8).
2, 5
Let t(p) = -p**2 + 7*p - 5. Suppose m - 18 = -2*m. Let y be t(m). Let j = y + 1. List the prime factors of j.
2
Let g = 621 - 429. What are the prime factors of g?
2, 3
Let b = 70 - -53. List the prime factors of b.
3, 41
Let p(t) = t**3 - 5*t**2 - 4*t - 4. Let u be p(6). Let o be (-5)/15 + 24/(-9). Let g = o + u. List the prime factors of g.
5
Let x(m) be the first derivative of m**3 + m**2/2 - 2*m + 1. List the prime factors of x(-2).
2
Let s be (-3*(-1)/(-1))/(-1). What are the prime factors of (-3)/s + 42/3?
13
Let c = 7 + -5. Suppose 0*s = -c*s + 4. Suppose -v + 24 = s*v. What are the prime factors of v?
2
Let z = 3 + 0. What are the prime factors of z?
3
Suppose -4*o = l - 10, -3*o - 40 = -4*l + 2*o. List the prime factors of l.
2, 5
Let c be 19 + ((-3)/(-1))/3. Suppose -k + c = 4*k. List the prime factors of k.
2
Let u(z) = -16*z - 4. Let i be u(-4). Suppose i = 3*a + q, 0*a + 23 = 2*a - 5*q. What are the prime factors of a?
19
Let n be -21*((-2)/(-6))/(-1). Let r(i) be the third derivative of i**4/8 - 5*i**3/3 - 3*i**2. List the prime factors of r(n).
11
Let m(z) = -7*z - 22. What are the prime factors of m(-6)?
2, 5
Let l(s) = s - 3. Suppose -8 = -2*w + 4. Let v be l(w). Suppose -28 = -v*b - 7. List the prime factors of b.
7
Suppose 16*d = 6*d + 120. What are the prime factors of d?
2, 3
Suppose -3*h + 2*h = -5. Suppose 3*j - 3*v = -16 - 5, 2*j = h*v - 8. What are the prime factors of (-3)/6*4 - j?
7
Let g(z) be the first derivative of 1 + 3/2*z**2 - 5*z. What are the prime factors of g(4)?
7
Let b = 260 - 97. List the prime factors of b.
163
Let g(m) = -m**3 - 3*m**2 + 3*m - 1. Let w be g(-4). Suppose w*v = -v. What are the prime factors of v/1 - (-12 - -4)?
2
Let l = -13 + 134. List the prime factors of l.
11
Let h(k) = k**3 + k**2 - 2*k + 2. Let z be h(-3). List the prime factors of (36/z)/((-6)/20).
2, 3
Suppose -c + 23 = 5*f, 5*c - 4*f = 2*c + 12. What are the prime factors of c?
2
Let a = 3 - 0. Suppose 4*b = -a + 23, -5*s + 5 = b. Let z = s - -4. List the prime factors of z.
2
Let d = -4 - -21. List the prime factors of d.
17
What are the prime factors of 3 - (0 - (31 - 1))?
3, 11
Suppose -7*f + 472 = -5*f. List the prime factors of f.
2, 59
Let k be (1/(-1))/(2/10). Let r be (-3)/2*(3 + k). What are the prime factors of 1*r/((-3)/(-5))?
5
Suppose -5*c - o + 5 = 0, 3*o + 5 = 3*c + 4*o. Suppose 2*w - w - 12 = -3*n, 2*w - 2*n - 64 = c. What are the prime factors of w?
3
Let f(k) = 4*k - 40. Let j be f(10). Let a(i) = -2*i. Let l be a(-6). Suppose -g + 2*g - l = j. List the prime factors of g.
2, 3
Suppose -2*k = s - 137, k + 1 - 2 = 0. What are the prime factors of s?
3, 5
Suppose 0*f = -4*f + 48. Let o = 41 - f. What are the prime factors of o?
29
Let x = -17 + 19. Suppose -y - x = -4. What are the prime factors of y?
2
Let i = 397 + -270. What are the prime factors of i?
127
Suppose 0 = -h + 3*h - 5*l - 140, 0 = 3*l + 12. List the prime factors of h.
2, 3, 5
Suppose 0 = -h - h + 2. Let s(o) = 7*o**3 + o**2 - 1. Let r be s(-1). Let c = h - r. What are the prime factors of c?
2
Let u be 1/(-6) - (-4)/24. List the prime factors of u/((-3)/1) + 9.
3
Let b(m) = m**3 + 5*m**2 - m + 1. Let k be b(-5). Let u(i) = -i**2 - 4*i + 4. Let z be u(-5). Let v = z + k. What are the prime factors of v?
5
Suppose 3*l - 40 = 80. What are the prime factors of 3/(-2)*l/(-12)?
5
Suppose -o + 1 = -22. List the prime factors of o.
23
Suppose 72 = 2*k - 442. What are the prime factors of k?
257
Let q = -19 + 21. Suppose 3*a + q*a = 150. List the prime factors of a.
2, 3, 5
Suppose -4*u - u - 69 = -4*f, 3*u + f + 55 = 0. Let g = -10 - u. Suppose g = 2*w - 7. What are the prime factors of w?
7
Suppose 9 = 5*q + 4*y, -5*y = -4 - 1. What are the prime factors of (-2 - q)*(-2)/3?
2
Suppose 0 = -t + 5 + 4. Let w = 15 - t. What are the prime factors of w?
2, 3
Let n(z) = -376*z**3 - 5*z**2 + 1. What are the prime factors of n(-1)?
2, 3, 31
Let a be (-2 - -3 - 3) + 2. Let g(j) = -j + 5. Let u be g(a). Suppose -7 = 5*m - 2, -4*w + u*m + 69 = 0. List the prime factors of w.
2
Suppose f + 4*k + 16 = 0, f - 14 = -0*f + 2*k. Suppose 0 = 3*c + c - f. Let s = c - -1. List the prime factors of s.
2
Suppose 49*h + 530 = 54*h. List the prime factors of h.
2, 53
Let p(h) = 30*h**3 + h**2 + h + 1. Let l be p(-1). Let j = l - -17. Let v = -5 - j. List the prime factors of v.
7
Let p be (-282)/(-22) + 2/11. Suppose -2*v + i = 9, -v + 5*i = v + p. List the prime factors of (v/(-6))/(1/12).
2
Let n = 53 - -31. Let k = n - 49. What are the prime factors of k?
5, 7
Let d(g) = -8*g - 1. Let n be d(-2). Suppose 0*l = 3*l - n. Suppose 0*r = -r + l*i + 5, 4*i = 5*r - 88. What are the prime factors of r?
2, 5
Let t(l) = l**3 + 2*l**2 - 2*l - 1. Let w be t(-2). Let v(k) = -6*k + 2*k**2 - w*k**2 - k - 2. What are the prime factors of v(-4)?
2, 5
Let c = -7 - -17. What are the prime factors of c?
2, 5
Suppose -g = -4 + 2. Suppose -g*p - 3 = -1. Let